 420. Calculate v(-19).
-93
Let c(v) = -30*v - 417. Calculate c(-16).
63
Let j(d) = -10*d**2 + 9*d + 24. Give j(-2).
-34
Let m(l) = 65*l + 158. What is m(-2)?
28
Let p(r) = -5*r + 52. Give p(7).
17
Let m(z) = z**2 - 97*z + 450. What is m(5)?
-10
Let h(f) = 172*f**2 + 1. What is h(1)?
173
Let p(m) = -68*m + 801. Determine p(12).
-15
Let r(z) = -14*z**2 - 106*z + 113. Determine r(-8).
65
Let b(d) = 12*d - 200. Give b(-52).
-824
Let r(t) = -2*t**3 + 123*t**2 - 161*t - 1187. Calculate r(60).
-47
Let j(u) = u**2 - 260*u + 2024. Give j(8).
8
Let j(c) = -3*c**2 - 29*c + 92. Give j(-12).
8
Let w(s) = 198*s**2 + 987*s - 16. Give w(-5).
-1
Let t(a) = 6*a**3 + 6*a**2 - 26*a - 32. Calculate t(-1).
-6
Let j(d) = d**3 + 8*d**2 + 766*d + 3029. What is j(-4)?
29
Let g(v) = -190*v + 46746. What is g(246)?
6
Let x(j) = 2*j**2 - 123*j - 1424. What is x(-10)?
6
Let n(l) = -8*l**3 - 42*l**2 + 46*l + 30. Calculate n(-6).
-30
Let q(v) = -v**3 + 384*v**2 + 1155*v + 2314. Determine q(387).
-8
Let a(t) = -5589*t - 33541. Determine a(-6).
-7
Let t(x) = 2*x**3 - 5*x + 6. Give t(4).
114
Let j(r) = -r**3 - 32*r**2 - 68*r - 212. Give j(-30).
28
Let q(k) = -4*k**2 + 764*k + 4729. What is q(197)?
1
Let k(s) = 214*s + 9838. Give k(-46).
-6
Let x(j) = 216*j - 2470. Give x(11).
-94
Let j(b) = -4*b**2 + 4*b - 10. Give j(3).
-34
Let x(c) = -11263*c + 101372. Calculate x(9).
5
Let v(u) = 20*u**3 + 2*u**2 + 2*u + 2. Calculate v(-2).
-154
Let k(p) = 8*p**3 + 3*p**2 - 108*p + 103. Calculate k(1).
6
Let l(t) = -t**2 + 11*t - 63. Give l(9).
-45
Let r(z) = -z**2 - 11*z - 25. Calculate r(-8).
-1
Let w(p) = -713*p - 27075. What is w(-38)?
19
Let v(z) = -704*z - 14778. What is v(-21)?
6
Let z(c) = -10*c**2 - 129*c + 4. Determine z(-13).
-9
Let b(a) = a**3 - 9*a**2 - 7*a - 49. Give b(10).
-19
Let p(i) = -3*i**3 - 215*i**2 + 26*i - 3307. Calculate p(-72).
5
Let u(h) = -2*h**3 - 76*h**2 + 4*h + 171. Give u(-38).
19
Let j(v) = -v**2 + 2108*v - 7. What is j(0)?
-7
Let s(d) = 6*d**2 + 112*d + 505. Give s(-8).
-7
Let c(a) = 5*a**2 + 13*a + 7. What is c(0)?
7
Let t(b) = b**2 + 18*b - 116. Give t(-24).
28
Let u(v) = -v**3 - 26*v**2 + 61*v + 34. What is u(-28)?
-106
Let t(x) = -1085*x + 17369. Calculate t(16).
9
Let x(a) = -a**2 + 854*a + 16541. Give x(-19).
-46
Let j(v) = -3*v**3 - 82*v**2 + 10*v + 1006. Determine j(-27).
7
Let h(c) = 2*c**2 + 8*c - 75. Determine h(4).
-11
Let y(v) = -4*v**2 + 149*v - 1321. What is y(19)?
66
Let j(b) = 50*b - 261. Determine j(13).
389
Let v(a) = -16*a**2 + 3*a + 38. Give v(8).
-962
Let r(y) = 2*y**2 - 129*y + 1447. Calculate r(50).
-3
Let v(h) = h**2 - 65*h + 135. Give v(68).
339
Let b(u) = -u**3 - 14*u**2 + 50*u + 68. Calculate b(-17).
85
Let r(d) = -69*d**2 + 11*d - 3. Give r(1).
-61
Let n(h) = -155*h - 4082. Give n(-27).
103
Let r(q) = -q**2 + 182*q + 1356. Determine r(-7).
33
Let j(g) = -g**2 - 36*g - 320. Determine j(-17).
3
Let j(m) = -2*m**3 + 58*m**2 + 129*m - 146. Determine j(31).
9
Let b(h) = h**3 + 17*h**2 + 20*h - 42. Determine b(-15).
108
Let f(l) = 2*l**2 - 52*l + 206. Determine f(21).
-4
Let f(k) = 3*k**3 - 3*k**2 + 7*k + 38. Calculate f(3).
113
Let r(a) = -26*a - 217. What is r(-8)?
-9
Let b(k) = k**3 - 41*k**2 - 137*k + 213. Determine b(44).
-7
Let n(k) = -11*k**2 - 163*k - 1. Calculate n(-15).
-31
Let b(j) = -j**2 + 3*j - 2. Determine b(4).
-6
Let q(a) = -4*a**3 + 177*a**2 - 49*a - 299. What is q(44)?
-519
Let x(v) = -730*v + 210971. Give x(289).
1
Let s(p) = -152*p - 2584. What is s(-17)?
0
Let d(k) = -k**3 + 26*k**2 - 21*k - 95. Determine d(25).
5
Let a(k) = -k**2 + 1826*k - 59156. What is a(33)?
13
Let d(h) = 81*h**3 + h**2 + 452*h + 451. What is d(-1)?
-81
Let b(m) = 2347*m - 11726. What is b(5)?
9
Let h(q) = 3*q**3 + 74*q**2 - 39*q - 130. Determine h(-25).
220
Let k(t) = -13*t + 356. Give k(45).
-229
Let i(x) = x**2 + 25*x + 83. Calculate i(-20).
-17
Let n(p) = -p**3 + 6*p**2 - 26*p + 237. Give n(7).
6
Let t(b) = -b**3 + 3*b**2 + 13*b + 9. Calculate t(8).
-207
Let z(f) = -16*f**3 + 2*f**2 + 22*f + 45. Give z(-2).
137
Let u(l) = 351*l**2 - 4*l - 1. Determine u(-1).
354
Let z(b) = -2*b + 189. What is z(18)?
153
Let u(x) = x**3 - 2*x**2 - 676*x + 16. Determine u(27).
-11
Let k(c) = 6*c**2 + 101. Give k(0).
101
Let w(r) = -r**3 - 3*r**2 + 10*r + 36. Calculate w(5).
-114
Let k(a) = -2*a**2 - 37*a + 50. Determine k(-18).
68
Let h(s) = 37*s + 139. Determine h(-1).
102
Let j(h) = 2*h**3 - 31*h**2 + 26*h - 148. Calculate j(15).
17
Let t(w) = w**3 - 79*w**2 - 144*w - 1465. Determine t(81).
-7
Let w(d) = -15*d**2 + 703*d + 108. What is w(47)?
14
Let y(x) = 157*x - 308. Give y(2).
6
Let q(s) = s**3 - 39*s**2 + 66*s + 315. Determine q(37).
19
Let d(z) = -6*z**2 + 83*z + 548. Calculate d(19).
-41
Let p(b) = -2*b**3 + 38*b**2 + 171*b - 3722. Give p(18).
4
Let v(u) = -u**2 + 135*u - 1695. Give v(14).
-1
Let m(p) = -18*p - 171. Give m(-7).
-45
Let c(b) = -5*b**2 + 71*b + 74. Determine c(15).
14
Let c(q) = 3*q**2 + 45*q - 384. What is c(6)?
-6
Let b(v) = -617*v + 17898. Calculate b(29).
5
Let w(r) = -r**3 + 8*r**2 + 111*r - 106. Determine w(15).
-16
Let w(z) = -405*z + 1616. What is w(4)?
-4
Let x(a) = -a**3 + 15*a**2 + 17*a - 33. What is x(16)?
-17
Let p(c) = -35*c + 121. Determine p(4).
-19
Let y(i) = 22*i - 468. What is y(23)?
38
Let h(r) = 3*r**2 + 65*r + 58. Calculate h(-20).
-42
Let n(y) = 92*y + 10133. What is n(-110)?
13
Let f(m) = 2*m**2 - 31*m + 55. Give f(15).
40
Let i(u) = -4*u**3 - 3*u**2 + 4*u + 3. What is i(-3)?
72
Let p(z) = z**3 - 10*z**2 + 23*z - 68. Calculate p(8).
-12
Let p(k) = -703*k + 1404. Determine p(2).
-2
Let z(l) = -l**3 - 48*l**2 + 718*l + 40. What is z(12)?
16
Let q(v) = -60*v - 127. Calculate q(0).
-127
Let b(l) = -4*l**2 + 10*l - 5. Determine b(0).
-5
Let y(k) = -k**3 + 117*k**2 - 2908*k - 652. Give y(81).
-4
Let z(g) = g**3 - 9*g**2 + 14*g - 73. What is z(6)?
-97
Let n(j) = -32*j**3 + j**2 + 109*j - 110. Give n(1).
-32
Let w(s) = -2*s**2 - 406*s + 38. Calculate w(0).
38
Let c(s) = -2148*s + 70887. What is c(33)?
3
Let h(p) = -2*p**3 + p**2 - 25*p + 7. Give h(0).
7
Let c(b) = -b**3 + 9*b**2 - 11*b - 15. What is c(7)?
6
Let v(z) = z**3 + 49*z**2 + 228*z - 1326. Give v(-43).
-36
Let d(q) = -15*q + 149. Determine d(-9).
284
Let a(j) = 6*j - 314. What is a(52)?
-2
Let c(a) = -3*a**3 + 519*a**2 + 531*a - 1563. Calculate c(174).
3
Let k(y) = y**2 - 80*y + 1237. Give k(59).
-2
Let j(r) = 21*r**2 - 911*r - 3572. Calculate j(47).
0
Let x(t) = -5*t + 176. Give x(36).
-4
Let z(o) = 3*o**3 + o**2 + 42*o + 98. What is z(-2)?
-6
Let w(s) = -192*s**3 + s**2 - 38*s - 39. Calculate w(-1).
192
Let o(p) = 2*p**2 - 21*p - 47. Calculate o(-2).
3
Let a(w) = 2*w**3 - 11*w**2 - 5*w - 527. Determine a(9).
-5
Let z(g) = -g**3 + 21*g**2 + 15*g - 1245. What is z(18)?
-3
Let t(d) = d**3 + 38*d**2 + 40*d + 90. What is t(-37)?
-21
Let a(u) = 2*u**2 + 6*u - 5929. Give a(53).
7
Let g(q) = q**2 - 9*q - 85. Calculate g(14).
-15
Let x(c) = -c**3 - 20*c**2 + 302*c + 101. Calculate x(-30).
41
Let h(a) = -12*a**3 - 8*a**2 - 3*a - 36. Give h(0).
-36
Let f(g) = -63*g**2 - g - 4. Determine f(-2).
-254
Let v(i) = 3*i**3 + 87*i**2 - 614*i - 94. Determine v(6).
2
Let w(b) = -2*b**2 - 75*b - 332. Calculate w(-32).
20
Let k(x) = -2*x**2 - 26*x + 241. What is k(-19)?
13
Let n(v) = 11*v**2 + 781*v - 20. What is n(-71)?
-20
Let m(z) = 5*z**2 - 74*z - 24. Determine m(14).
-80
Let z(v) = -59*v**2 + 11*v. What is z(-1)?
-70
Let d(g) = -g**3 - 10*g**2 + 20*g + 225. Determine d(-9).
-36
Let i(s) = 6*s**3 - 2*s**2 - 53*s - 140. Give i(-3).
-161
Let v(o) = -2*o**3 - 8*o**2 + 45*o + 45. Calculate v(-8).
197
Let q(o) = -2*o**2 + 410*o - 9308. Calculate q(179).
0
Let s(t) = -3*t**3 + 22*t**2 - 4*t + 11. Give s(7).
32
Let p(o) = 180*o - 4859. Give p(27).
1
Let a(v) = v**2 + 347*v - 11740. Determine a(31).
-22
Let q(a) = -4*a**3 + 150*a**2 - 66*a - 222. What is q(37)?
74
Let f(m) = m**2 - 246*m + 4520. Give f(20).
0
Let o(m) = m**3 + 2*m**2 - 141*m + 31. Determine o(-13).
5
Let q(d) = 77*d - 1924. Determine q(25).
1
Let i(s) = -s**3 + 10*s**2 + 42*s + 20. What is i(14)?
-176
Let u(o) = -2*o**3 - 41*o**2 + 264*o - 10. Calculate u(6).
-334
Let l(m) = 24*m**2 + 5*m - 4. Determine l(1).
25
Let p(w) = -w**3 + 7*w**2 - 10*w + 9. Give p(4).
17
Let r(j) = -j**2 + 266*j + 2163. Give r(-8).
-29
